d 320.
80
What is the greatest common factor of 19 and 931?
19
What is the greatest common factor of 36 and 120?
12
Calculate the highest common factor of 70 and 350.
70
Calculate the highest common divisor of 498 and 4150.
166
What is the highest common factor of 88 and 1034?
22
Calculate the highest common factor of 906 and 6.
6
What is the highest common divisor of 2451 and 129?
129
What is the greatest common factor of 2 and 14?
2
What is the greatest common divisor of 147 and 9?
3
What is the highest common divisor of 1664 and 1144?
104
Calculate the highest common factor of 814 and 44.
22
What is the greatest common divisor of 2 and 1230?
2
What is the greatest common factor of 1508 and 29?
29
Calculate the greatest common divisor of 20 and 5630.
10
What is the greatest common divisor of 256 and 48?
16
Calculate the greatest common divisor of 1458 and 810.
162
Calculate the highest common factor of 91 and 13.
13
What is the greatest common factor of 4221 and 402?
201
What is the greatest common divisor of 52 and 988?
52
Calculate the greatest common divisor of 7654 and 86.
86
Calculate the greatest common factor of 27 and 2106.
27
Calculate the highest common factor of 120 and 15.
15
What is the highest common divisor of 462 and 441?
21
What is the greatest common divisor of 1326 and 102?
102
Calculate the highest common factor of 635 and 25.
5
What is the highest common factor of 1775 and 71?
71
What is the highest common factor of 636 and 24?
12
Calculate the highest common divisor of 85 and 45.
5
Calculate the greatest common divisor of 1566 and 54.
54
Calculate the greatest common divisor of 4504 and 8.
8
Calculate the greatest common factor of 11 and 88.
11
What is the highest common factor of 87 and 290?
29
What is the highest common divisor of 347 and 12?
1
Calculate the greatest common divisor of 27 and 36.
9
Calculate the highest common divisor of 27 and 1431.
27
Calculate the greatest common divisor of 92 and 184.
92
Calculate the highest common factor of 1208 and 5738.
302
What is the highest common divisor of 27178 and 127?
127
What is the greatest common factor of 6 and 402?
6
What is the greatest common divisor of 10 and 2105?
5
Calculate the highest common divisor of 171 and 38.
19
Calculate the highest common divisor of 216 and 120.
24
Calculate the greatest common factor of 2951 and 91.
13
Calculate the highest common factor of 120 and 72.
24
Calculate the highest common factor of 35 and 455.
35
What is the highest common factor of 47576 and 152?
152
What is the highest common divisor of 50 and 45?
5
What is the greatest common divisor of 1134 and 2106?
162
Calculate the highest common divisor of 768 and 20.
4
What is the greatest common divisor of 46 and 943?
23
What is the greatest common divisor of 82 and 1312?
82
What is the highest common divisor of 15 and 615?
15
What is the highest common divisor of 658 and 56?
14
Calculate the highest common divisor of 3 and 21.
3
Calculate the highest common factor of 28 and 1316.
28
Calculate the greatest common factor of 1419 and 66.
33
What is the highest common factor of 209 and 38?
19
Calculate the greatest common factor of 1152 and 9.
9
Calculate the greatest common factor of 110 and 176.
22
Calculate the greatest common divisor of 48988 and 148.
148
What is the greatest common factor of 414 and 72?
18
What is the greatest common factor of 1469 and 13?
13
Calculate the highest common divisor of 351 and 153.
9
Calculate the highest common divisor of 832 and 156.
52
What is the greatest common divisor of 28 and 14882?
14
Calculate the highest common divisor of 14219 and 59.
59
Calculate the highest common divisor of 13 and 1690.
13
What is the highest common divisor of 245 and 280?
35
What is the greatest common divisor of 154 and 350?
14
Calculate the highest common factor of 9 and 90.
9
What is the highest common factor of 736 and 69?
23
What is the highest common divisor of 572 and 39?
13
What is the greatest common divisor of 596 and 20?
4
What is the highest common divisor of 14 and 406?
14
What is the greatest common factor of 27 and 243?
27
Calculate the highest common factor of 29 and 203.
29
Calculate the greatest common divisor of 9 and 4986.
9
Calculate the highest common divisor of 28 and 2982.
14
What is the highest common factor of 24 and 9?
3
What is the highest common divisor of 1665 and 74?
37
Calculate the greatest common factor of 12 and 300.
12
What is the highest common factor of 6 and 534?
6
What is the greatest common divisor of 2 and 250?
2
Calculate the greatest common divisor of 70 and 330.
10
Calculate the greatest common divisor of 16074 and 114.
114
Calculate the highest common divisor of 2043 and 9.
9
Calculate the greatest common divisor of 10 and 2630.
10
Calculate the greatest common factor of 380 and 40.
20
Calculate the greatest common divisor of 12 and 27.
3
Calculate the greatest common factor of 21970 and 130.
130
What is the highest common divisor of 18 and 1206?
18
Calculate the greatest common factor of 24 and 272.
8
Calculate the highest common factor of 2438 and 848.
106
What is the highest common divisor of 213 and 142?
71
Calculate the greatest common divisor of 18 and 174.
6
Calculate the greatest common divisor of 12 and 12.
12
What is the greatest common factor of 57 and 1?
1
Calculate the greatest common factor of 141 and 470.
47
What is the highest common divisor of 15 and 1140?
15
Calculate the highest common divisor of 115 and 1909.
23
Calculate the highest common factor of 22 and 4642.
22
What is the greatest common factor of 327 and 3?
3
Calculate the highest common factor of 1560 and 10608.
312
What is the greatest common divisor of 6125 and 49?
49
Calculate the greatest common factor of 625 and 525.
25
Calculate the highest common factor of 24 and 1176.
24
What is the greatest common factor of 3934 and 56?
14
Calculate the greatest common factor of 50 and 2350.
50
What is the greatest common divisor of 68 and 2278?
34
Calculate the greatest common factor of 32 and 1000.
8
Calculate the greatest common factor of 21 and 21.
21
What is the greatest common divisor of 1632 and 17?
17
What is the highest common factor of 217 and 12803?
217
What is the highest common divisor of 99 and 957?
33
What is the greatest common divisor of 55 and 1320?
55
Calculate the greatest common factor of 16 and 26.
2
Calculate the greatest common factor of 74 and 50.
2
What is the highest common factor of 11 and 6259?
11
What is the highest common divisor of 372 and 4371?
93
Calculate the greatest common divisor of 320 and 7520.
160
What is the highest common divisor of 190 and 10?
10
Calculate the highest common factor of 1085 and 14.
7
Calculate the highest common factor of 12 and 768.
12
Calculate the greatest common divisor of 519 and 14359.
173
What is the highest common factor of 68 and 476?
68
Calculate the highest common factor of 32 and 5912.
8
What is the greatest common divisor of 12 and 4116?
12
Calculate the highest common divisor of 414 and 18.
18
What is the greatest common factor of 681 and 3?
3
Calculate the highest common divisor of 3956 and 736.
92
What is the highest common factor of 336 and 189?
21
What is the highest common divisor of 8 and 424?
8
Calculate the greatest common divisor of 77 and 20251.
77
Calculate the highest common factor of 285 and 1335.
15
Calculate the highest common factor of 93 and 3.
3
What is the highest common factor of 10404 and 18?
18
Calculate the greatest common factor of 67 and 469.
67
What is the greatest common divisor of 442 and 1666?
34
Calculate the highest common factor of 1391 and 13.
13
Calculate the greatest common divisor of 392 and 1666.
98
What is the highest common divisor of 161 and 138?
23
What is the greatest common factor of 132 and 363?
33
Calculate the highest common factor of 4865 and 417.
139
Calculate the highest common factor of 348 and 240.
12
Calculate the greatest common divisor of 1247 and 377.
29
What is the greatest common divisor of 11561 and 33?
11
Calculate the highest common divisor of 37 and 3811.
37
Calculate the greatest common factor of 76 and 190.
38
What is the greatest common divisor of 9375 and 30?
15
Calculate the greatest common divisor of 130 an